uppose 2*r + 2 = 12. Suppose -r*v + 15 = -2*v. Let a(z) = 31*z**2 - 11*z - 11. Let y(w) = 7*w**2 - 3*w - 3. Let o(u) = -2*a(u) + 9*y(u). Calculate o(v).
-5
Let n(m) be the first derivative of m**5/60 + 5*m**4/4 - 2*m**3/3 + 23*m**2/2 - 199. Let c(u) be the third derivative of n(u). Give c(-15).
0
Let a(d) = -d**3 - 12*d**2 - 8*d + 7. Let p be 15/(-5) - -5 - (0 + -1). Suppose y - p = 0, 3*z + 2*y + 16 = z. Determine a(z).
-26
Let p(r) = 2*r + 9. Suppose -254*q = -218*q + 504. Calculate p(q).
-19
Let d(f) be the third derivative of f**4/3 + 13*f**3/6 - 8380*f**2. Determine d(0).
13
Let h(m) be the first derivative of -9 - 1/4*m**4 + 0*m - 2*m**2 - 5/3*m**3. What is h(-4)?
0
Suppose -22 + 110 = -27*k - 74. Let s(x) = x**2 - x - 1. Let p(v) = -7*v**2 + 2*v + 7. Let y(u) = p(u) + 6*s(u). What is y(k)?
-11
Let n(d) = -d**3 + 2*d**2 - 19*d + 36. Suppose 5*w = 4*j + 10, -4*w - 2*j = 41 - 49. Calculate n(w).
-2
Let i(p) = 4*p**3 - p**2 - p + 1. Let m(l) be the third derivative of -l**6/120 - 7*l**5/20 - 3*l**4/4 + 41*l**3/6 + 33*l**2. Let g be m(-20). What is i(g)?
3
Let f(n) = -2*n**2 - 23*n - 9. Let r be 0/7 + -1*20. Let m be (2 - r)/((-8)/4). Calculate f(m).
2
Let i(f) = -f**2 - 32*f + 105. Let g be i(3). Let l(m) = -m**2 + 3*m + 17. Give l(g).
17
Let y(g) = 14*g**2 - 2*g + 4. Let a(l) = -17*l**2 + 2*l - 5. Let u(t) = -5*a(t) - 6*y(t). Determine u(-4).
9
Let p = -1092 + 1088. Let r be (-572)/117 - p/(-36). Let t(n) = -2*n - 4. Let h(o) = o + 3. Let f(c) = -4*h(c) - 3*t(c). What is f(r)?
-10
Let f(z) = 97*z + 5616. Let c be f(-58). Let n(s) = s - 4. Let v(j) = 2*j - 3. Let o(k) = 3*n(k) - 2*v(k). Calculate o(c).
4
Let f = 319 + -311. Let r(m) = -2*m + 2 + 2 - f + 0. What is r(5)?
-14
Suppose -4*z = -2*d - 16, 0 = -3*z + z + 10. Suppose 4*w + 2*j = -j + 6, 5*w - 4 = -2*j. Let u(l) = w*l - 2*l**2 + 5*l - 2*l. What is u(d)?
-2
Let i(p) = p**2 + 15*p + 3. Let n be 130/(-5) - -13 - 1. Calculate i(n).
-11
Suppose -542*m + 126 = -521*m. Let r(h) = 8*h + 3. What is r(m)?
51
Let g(a) = -a**2 + 57*a - 801. Let o be (-2)/(-6)*39525/425. Give g(o).
5
Let h(f) = -6 - 6*f + 0 + 1 - 4*f**3 - 16*f**3 + 21*f**3. Give h(-4).
-45
Suppose -16 - 172 = 5*b + 4*c, -3*b + 4*c = 100. Let m(a) = -a**3 - 37*a**2 - 33*a + 101. Determine m(b).
-7
Let u(p) = -9*p - 21. Suppose 279*v = 274*v - 15. Let o be u(v). Let w(s) = -7 + 2*s - 6*s - s**2 + 2*s**2. What is w(o)?
5
Let n(v) = 3*v**3 + 41*v**2 + 25*v + 3. Let p be n(-13). Let r(l) = -3*l**2 + 48*l + 2. Calculate r(p).
2
Suppose 0 = -2*i + m + 207, 5*i - 2*m + 117 - 635 = 0. Let x = 99 - i. Let b(u) = -u**3 - 4*u**2 + 4*u - 1. Determine b(x).
4
Suppose -8*k + 10*k = 6. Suppose 3*l + 41 = 5*w, -k*w = -2*w + 4*l + 1. Suppose 2 = 5*s - 5*u + w, -s = -5*u - 15. Let j(a) = -a - 4. Determine j(s).
1
Suppose 14 - 6 = -z + 4*q, 0 = -z - 2*q - 2. Let x(n) = -n**2 + n + 1. Let g(v) = -v**3 - v**2 + 3*v - 4. Let s(i) = -g(i) - x(i). Calculate s(z).
-13
Let z(v) = 2*v**3 - 16*v**2 + 304*v + 26. Let k(i) = i**3 - 8*i**2 + 165*i + 15. Let g(l) = -11*k(l) + 6*z(l). Suppose 4*h + 1 = 29. Determine g(h).
5
Let o(q) = q + 3. Let j(w) be the first derivative of w**3/3 - 7*w**2 - 21*w - 42. Let l be j(16). Suppose -l*z + 56 + 32 = 0. Determine o(z).
11
Let b(c) = c**2 + 32*c + 64. Suppose -6*f - 2*f - 20 + 4 = 0. Determine b(f).
4
Let t(b) be the second derivative of 0 - 1/2*b**2 - 5/6*b**3 + 41*b. Calculate t(-2).
9
Let m be -11 - (25 + -15 + -22). Let h(y) = -133*y + 130. What is h(m)?
-3
Let l(b) = -b**2 - b + 13. Let y = 18043 - 18047. Give l(y).
1
Let f(m) = -m**3 + 2*m**3 - 9551 - 2*m**3 + 9540 + 4*m + 6*m**2. Determine f(7).
-32
Suppose 5*h + 25 + 55 = 0. Let j be ((h/10)/(-2))/(2/10). Suppose -5*n + t = -25, -4*n + j + 16 = -4*t. Let r(d) = -2*d**2 + 4*d + 3. Determine r(n).
-27
Let z be ((-4)/7)/(18/(-63)). Let i(v) = -10*v. Let w(s) = 47*s - 3. Let t(h) = 4*i(h) + w(h). Determine t(z).
11
Let z(t) = 8*t + 24. Suppose 2*j - 6 = -0, 2*f + 18 = 4*j. Let l be z(f). Let p(r) = r**2 - 5. Let b be p(l). Let y(h) = h**2 + 5*h + 7. What is y(b)?
7
Let u(x) be the first derivative of 9*x**2/2 - 9*x + 162. Let f(m) = -m - 1. Let v(t) = -6*f(t) - u(t). What is v(13)?
-24
Let u(g) = 54*g**3 - g**2 + 2*g + 2. Suppose -1 = -j + o, 36*j + 2*o - 1 = 41*j. Determine u(j).
-55
Let c = 51 - 47. Let a(h) = c*h + 3*h + 14 + h**3 - 11 + 8*h**2. Let b be a(-7). Let t(o) = 2*o**2 - 1. Give t(b).
17
Let l be (-16)/10 + 2/(-5). Let n(p) be the first derivative of p**3/3 - p - 3692. Determine n(l).
3
Let x(t) = -15*t + 9*t - 7*t - 8*t - 2*t**2 + 44 - 14*t. Determine x(-19).
-13
Suppose 0 = -8*k + 3718 + 242. Let x = k - 500. Let n(b) be the second derivative of -b**5/20 - b**4/2 - b**3 - b**2/2 - 2*b. Determine n(x).
4
Let v(n) = -4*n. Let y = -3 - -6. Suppose 4*x - 5*x = y*x. Let z = -2 - x. Determine v(z).
8
Let a = 237 - 233. Suppose 15*b = 26 + a. Let i(x) = -x**2 - 2*x - 4. What is i(b)?
-12
Let x(y) = -y**3 + 11*y**2 - y + 5. Let l(z) = 2*z**2 + 50*z + 16. Let m be l(-25). Suppose -m*a + 11*a = -f - 14, -10 = -2*a. Determine x(f).
-6
Let j(n) = 4*n**3 - 8*n**2 + 28*n - 21. Let w be j(1). Let z(k) be the first derivative of -1/4*k**4 - 1/2*k**2 + 11 + k**w - 2*k. What is z(3)?
-5
Let z(o) = 4*o**2 - 1. Let g(q) = 43*q**2 - 13. Let w(n) = -4*g(n) + 44*z(n). Let u(j) = 9*j**2 + 2*j + 18. Let h(c) = -3*u(c) + 7*w(c). What is h(4)?
-6
Let c(b) be the second derivative of 0 - 1/6*b**3 + 3/2*b**2 + 2*b. Let w = -78963 + 78959. What is c(w)?
7
Let m(d) = 3*d**2 - d - 20. Suppose 15 + 28 = -11*u + 87. Determine m(u).
24
Let b(v) be the first derivative of -v**3/3 + 11*v**2/2 - 6*v - 1. Suppose -562*s + 3710 = -555*s. Let m = 534 - s. What is b(m)?
22
Suppose -98 = z - 15*z. Let g(d) = 5*d**3 + 7*d**2 + d - 1. Let s(t) = -3*t**3 - 3*t**2 - t + 1. Let u(r) = z*s(r) + 4*g(r). Calculate u(7).
-18
Suppose -3*m + 42*m - 3*m = 0. Let y(x) = x**3 + x**2 + x - 31. Give y(m).
-31
Suppose 0 = -4*o, 0 = -0*a - 5*a - 2*o - 5. Let m(n) = -4*n**2 + 4*n - 6. Let k(g) = -4*g - 2*g + 5*g + 87 - 86 + g**2. Let w(r) = a*m(r) - 5*k(r). Give w(0).
1
Let f(a) = -3*a**2 + a + 727. Let p be f(0). Let x = 728 - p. Let y(l) = 29*l**2 - l. Calculate y(x).
28
Let u = 2 - -6. Let c = u + -14. Let y(h) = -3*h**3 + 5*h**2 - 2*h + 6. Let n(g) = -2*g**3 + g. Let s(j) = 2*n(j) - y(j). Give s(c).
6
Let q(r) = -r**2 - 35057*r + 140244. Let c be q(4). Let o(n) be the first derivative of n**3/3 - n**2/2 + 15*n + 1. Determine o(c).
15
Let k(f) = -10*f - 18. Let c be -4 - (-16)/(-24)*-12*-1. Give k(c).
102
Let q be ((-12)/(-5))/(-6 - (-282)/45). Let u be q/45 + (-186)/30. Let g(p) = -p**2 - 9*p - 4. Determine g(u).
14
Suppose 0 = -7*m - 1084 + 237. Let f = 117 + m. Let c(u) = 2*u + 6. Let b(h) = 4*h + 12. Let s(j) = -6*b(j) + 13*c(j). Determine s(f).
-2
Suppose 106 = -16*g + 119 + 211. Let t(n) = -n**3 + 13*n**2 + 15*n + 10. Determine t(g).
24
Let u(y) = 60*y + 422. Let c be u(-7). Let k(m) = m**3 - 6*m + 14. Calculate k(c).
10
Let n = -435 + 429. Let z(g) = -12*g + 16. Let o(x) = -5*x + 8. Let p(s) = n*z(s) + 13*o(s). Calculate p(-6).
-34
Let c(v) = -2*v**2 + 12*v - 18. Let r(a) = 14*a + 1055. Let o be r(-75). Calculate c(o).
-8
Let h(c) be the first derivative of -c**4/2 + 37*c**3/3 + 19*c**2/2 - 1031. Give h(19).
0
Let p(b) = -b**3 - 2*b**2 + b. Let o(x) = x**3 - 4*x**2 - 2*x + 11. Let c be o(5). Suppose -15*y - c = -2*y. What is p(y)?
-2
Let n(a) be the first derivative of -a**3/3 + 3*a**2 - 7*a - 100. Let b be n(2). Let m(c) = 5*c**2 + 1. Give m(b).
6
Let z(g) = -5*g**2 + 2*g - 1. Let t(v) = -2*v**3 - 13*v**2 - 9*v - 17. Suppose 0 = -10*u - 6*u - 96. Let a be t(u). What is z(a)?
-4
Let n(s) = 3*s - 18. Let w be n(6). Suppose -5*t + 7 = 2*j, 3*t - j - j - 17 = w. Let x(p) = 239*p**2 - 2*p - 120*p**2 - 6 - p**t - 124*p**2. What is x(-5)?
4
Let a(x) = 4*x**2 + 8*x + 4. Let f(s) = -5*s**2 - 10*s - 5. Suppose -100 = -8*r - 12*r. Let m(v) = r*f(v) + 6*a(v). Determine m(-6).
-25
Let u(q) = -141*q + 32281. Let o be u(229). Let w(s) be the first derivative of s**3/3 + 4*s**2 - 2*s + 1. Determine w(o).
-2
Let l(w) = w**2 - 11*w + 28. Let c be l(8). Let i = c - 4. Let y(p) = -p**2 + p + 5. What is y(i)?
5
Let l(t) = 165*t - 317. Let i(a) = 130*a - 238. Let q(o) = -9*i(o) + 7*l(o). Calculate q(-8).
43
Let i(o)